
-31
-15 + 1 - (-1 + -5 + 0 + 5)
-13
4 + 2 + -6 + 3 - 1
2
What is -310 + 327 - ((1 - 0) + -8)?
24
Calculate -9 + 9 + (-18 - (-8 + 0)).
-10
(-3 + -3 - -10 - 2) + (-3 - 1)
-2
What is 1 + 29 - (7 - (-19 + 19))?
23
What is the value of 15 - ((5 - (10 + -9)) + 1)?
10
What is the value of -124 + 122 - (-2 - -2 - 9 - -1)?
6
-28 + (30 - (21 - 7))
-12
What is (24 + 5 - 7) + -41?
-19
Evaluate -3 - (3 - (-2 + 3)) - (6 + -2).
-9
What is the value of 10 + (71 + -77 - (-25 - (-3 - -4)))?
30
Evaluate 15 + -9 - (-1 + 3 + -4).
8
-74 + 92 - ((-3 - -4) + 7)
10
Evaluate 0 - (14 + (3 + -12 - -5)).
-10
Calculate (6 - (5 + 25)) + 15.
-9
(-4 - (-13 - (-36 - 11))) + 10
-28
What is -25 - -1 - (-733 - -704)?
5
What is -9 + -1 + 22 + (-8 + 19 - 3)?
20
Calculate 31 + 8 - (7 + -2 + (-13 - -19)).
28
Calculate 15 - -4 - (45 - 35).
9
What is the value of -15 - ((-4 - 5) + -9)?
3
What is -28 - (-38 - -13) - (-11 - -2)?
6
What is (44 - 45 - 18) + 0 + 6?
-13
What is -12 + (-2 - 10 - (-25 + 8 + 14))?
-21
Calculate 4 + -6 - (-3 + 4 + -1) - 7.
-9
Evaluate -166 + 174 + (-5 + 3 - 6 - -3).
3
Evaluate (13 - (29 - -1)) + 19.
2
Calculate 8 - (0 + 1) - 5.
2
What is the value of (8 - 3) + 8 + -34?
-21
What is (0 - -9) + (-55 - -68) + (0 - 8)?
14
What is the value of 86 - 71 - (-1 + 25)?
-9
12 + (12 - 22 - 4)
-2
What is -6 - (13 + (-21 - -16) - 4)?
-10
What is (24 - 43) + (5 - (-24 - -15))?
-5
What is 895 + -860 + (-31 - 0)?
4
Evaluate (-2 - (4 - 4)) + (-20 - (-30 + 3)).
5
217 - 212 - (6 + 0)
-1
What is the value of 1 - -52 - (2192 - 2168)?
29
Evaluate -31 + 64 + -14 - (13 - 1).
7
(1 - -1) + (6 - (-8 + -2 + 5))
13
Calculate 1 - (-2 - (2 + 3 - 12)).
-4
Calculate -4 + -6 + (14 - 39).
-35
Calculate 0 + -11 - (-2 - -3 - (109 - 106)).
-9
What is (-19 + 40 + -23 - 3) + (-1 - 22)?
-28
Evaluate 14 + -10 + 9 - 14.
-1
-12 + 6 - 18 - (25 - 4 - 17)
-28
What is (22 - 0) + -25 + (71 - 50)?
18
6 + (6 + 2 - 4) + -3
7
Calculate -3 + (-37 - -29) + -19.
-30
Calculate -22 - -8 - (-46 + 33).
-1
What is the value of 1 - -7 - 8 - 9 - -21?
12
Evaluate 15 + -8 + 7 + -13.
1
Evaluate 2 + -2 - (-30 - -30) - (-8 - 3).
11
What is the value of 0 + -11 - (22 + -55) - (7 + -14)?
29
What is the value of 227 - 226 - (-16 - 0)?
17
What is 8 + (-7 - (-10 + 3 + 9))?
-1
Evaluate -15 + 9 + (1 - 2 - -12) - 34.
-29
What is the value of 0 + (-1 + 1 - (40 + -47) - -2)?
9
Calculate (0 - 0 - 13) + 5 + (2 - 4).
-10
33 + -38 + (1 - (-3 - -2))
-3
-27 - (5 + -4 + 3 + -2)
-29
What is the value of 14 - (1 + 10) - 1?
2
What is -4 - (-9 - (-13 + -7)) - -3?
-12
Evaluate -5 - (-4 + (3 - 21)).
17
What is the value of 2 + 1 + 1 + -42 + 184 + -174?
-28
34 + -25 - 19 - -21
11
Calculate -2 + 33 - (-124 + 135).
20
What is 13 + (-27 - (-42 + 17))?
11
What is -10 + 2 - -17 - 9 - 4?
-4
What is 5 - (-2 + 4 + 26 - (87 + -83))?
-19
Evaluate 11 + (-11 - -7) + -1 - (-2 - 1).
9
(1 - (-5 + 11 + -1)) + 13
9
-25 + 26 + 11 + -21
-9
Evaluate -9 + 3 + 7 - (10 - 5).
-4
What is the value of -2 + 3 + 49 + 10 + -34?
26
Evaluate (-2 + -6 - (-3 + 17)) + -1 + 12.
-11
-4 + (2 - (5 - 6) - -3 - 5)
-3
What is (36 - 29) + 14 + (11 - -2)?
34
What is the value of -22 + 16 + (-4 - (0 + -5)) + 1?
-4
What is the value of 1 - -3 - (6 - 13 - -13)?
-2
What is the value of (-8 - -13) + (1 - (4 + 0)) + 0?
2
What is -1 + 6 + (-4 - (35 - 38))?
4
Calculate (4 - (-1 + 10)) + 1 + (0 - -3).
-1
Evaluate 12 + -11 + 14 + 9.
24
Evaluate -1 + -27 + (-8 - -24).
-12
23 - -10 - 6 - 13 - 3
11
Evaluate 8 + (6 - 0) + -10 + 3 + -21.
-14
What is the value of -2 + -3 + 5 + 10 + 4?
14
What is -2966 - -2969 - (43 + -1 + 0)?
-39
Calculate -19 - (8 - (-5 - -1) - 7).
-24
-12 + 14 + (-12 - -4 - -9)
3
Evaluate (-6 - (-25 - -36)) + 1 + 6.
-10
Calculate -4 + (0 - 0 - -4) + -2 - 1.
-3
Calculate -9 + (-1 - 0) - (-2 + 8 + -12).
-4
-1 + -5 + (-26 - (-26 + 14) - 0)
-20
What is -10 + 24 + -24 + -3 + (0 - 10)?
-23
What is (-3 - -26) + -48 + 9 + -1?
-17
What is -7 + 5 + 1 + (-3 - -16)?
12
Evaluate (10 - (-12 + 9)) + 5 + -6.
12
Evaluate 9 - (74 + -9 - 26).
-30
(-5 - (-1 + -2 - (9 - 4))) + 8
11
Calculate -11 + (-3 - -11) - -2.
-1
-8 + (1 + -8 - -13)
-2
Calculate -2 + -4 + (-3 - (-4 + 5 + -3)).
-7
14 + (3 - -3) + -37
-17
Evaluate 1051 + -1056 - (1 + -2 + 1 + 0).
-5
What is -163 - -168 - (-1 - -3 - 12)?
15
35 + -23 - (0 + 2)
10
What is 1 + 18 + -9 - 18?
-8
Evaluate (17 - 17) + 7 - 18.
-11
Evaluate -9 + (18 + -14 - (-4 - 1)).
0
Evaluate (5 - 5) + (-3 - -4 - 4).
-3
Calculate 24 - (8 + 24 + -16).
8
What is the value of (2 + 6 - (9 + -6 + 2)) + -7?
-4
Calculate 13 + -33 + 16 - 4.
-8
Evaluate (-21 - 4) + (15 - 2).
-12
What is the value of -15 + 3 + 2 + 11?
1
-36 + -12 + 5 + (-5 - -14)
-34
What is the value of -5 + 3 - 0 - (-27 - -30)?
-5
Evaluate -2 - (-30 + 12 - -12) - (0 + 30).
-26
Calculate -19 - ((-19 - -2) + 11).
-13
What is the value of -20 + (14 - 1 - (-81 + 92))?
-18
What is the value of (-6 + (-5 - -8) - 2) + 5?
0
What is the value of -3 - ((-3 - 3) + 3) - (-2 - -1)?
1
What is the value of -3 - (16 + -9 - (10 + 1))?
1
What is (-10 - (2 - 7)) + -2 + -1?
-8
8 + 3 + -2 + (2 - 0) + 0
11
What is -8 + 9 - 6 - -24?
19
-6 + 26 + -18 - 16
-14
What is -3 + (-3 - (-5 + -21) - (2 - -4))?
14
(-7 - (5 - 8)) + (6 - 4)
-2
Calculate -18 - (10 + -9 + (-4 + 14 - 5)).
-24
What is 19 + -51 + (10 - 0)?
-22
3 + 1 + 20 - (198 + -196)
22
Calculate -226 + 205 + (0 - -31) - (-1 + 3).
8
Evaluate -13 - ((-4 - 4) + 6).
-11
What is the value of 7 - 7 - (-5 + 2 - (4 - 0))?
7
Evaluate -133 - -62 - -71 - (23 + 0).
-23
Evaluate (-7 - (7 + -18)) + -5 - -5.
4
Evaluate -236 - -206 - (-17 + -3).
-10
What is -2 + (-2 - 14) + 414 + -407?
-11
(-209 - -205 - (-2 - -11)) + 30
17
What is the value of 50 - 49 - (4 - 3)?
0
What is (-6 - 1 - (-15 - -12)) + 15?
11
Evaluate 33 + -42 + 38 + 8.
37
What is the value of 5 + (6 + -4 - 5) + -4?
-2
What is the value of 1 - (-3 + 5 + -4 + -7)?
10
0 + (1 - 1) + (17 - 7) + -17
-7
(-33 - -20) + 12 - -14
13
What is 8 + 0 + -3 - (12 + -6)?
-1
(13 + -21 - 1) + (-5 - -15) - -14
15
Evaluate (2 - -10) + -5 + (-18 - (-31 - -4)).
16
Evaluate (0 - -20) + (23 - (15 - -25)).
3
What is the value of -9 + 4 + (2 - (5 - 5))?
-3
Calculate 60 + -62 + 4 + -1 + -34 + 31.
-2
9 - (10 + (-12 - -48 - 15))
-22
(-7 - 0) + (3 - 7) + (27 - 16)
0
What is the value of -3 + -7 + 22 + -1 + 6 - -1?
18
Evaluate 21 + -20 + -32 + -5.
-36
((1 - 2 - -36) + -6 - 9) + -1
19
Evaluate 14 + (81 + -90 - (1 + 6)).
-2
What is (0 - -1) + (-30 - -34) + 2?
7
Evaluate -30 - (-3 - 18) - (-1 + -1).
-7
(15 - (-17 + 22) - 2) + 17
25
What is 1 + -2 - (-15 + -3 + 17)?
0
Evaluate -97 + 109 + (-1 - 6).
5
(-653 - -564) + (52 - 4)
-41
(1 - -15) + 177 + -201
-8
Evaluate 4 + -1 + 16 + -2.
17
Evaluate -2 - 3 - (-30 + (9 - -8)).
8
What is the value of 45 + -38 + -12 + -8 + 0?
-13
What is the value of (0 - 8) + -17 + 15 - (-5 - -6)?
-11
What is 8 + -16 + 4 + -19 + 11?
-12
Calculate -9 + (0 + 1 + -8 - -23).
7
What is the value of (2 - -4) + (20 - -4) + -9 + -8?
13
Evaluate (1 - 8) + 261 + -246.
8
Evaluate -2 + (6 - (7 - 7) - (-3 + 9)).
-2
-122 - -115 - (1 + 2 + 1)
-11
Evaluate 40 - 42 - (13 - -7).
-22
-12 - 3 - -18 - (0 + -4) - 22
-15
Evaluate (3 - 2) + -8 + 33 + -21 - -4.
9
Evaluate (-1 - (8 - 5 - 17)) + 3 + -1.
15
Calculate -2 - -15 - (-122 - -137).
-2
-10 - (13 + -19) - (-1 + 8)
-11
Evaluate (0 - -12) + (28 - (-10 + 90) - -26).
-14
-8 - (5 + 3 + -11) - (1 - 9)
3
What is the value of (1 - 10) + (-14 - 11 - -22)?
-12
What is the value of -16 + (-24 - (-21 + -2))?
-17
What is -32 - (35 + 1 - 65)?
-3
Evaluate -1 + -35 + 42 - (10 + (-3 - -2)).
-3
-18 - (-11 + -14 + -7)
14
What is -11 - (-13 + 27 - (4 - (0 + 5)))?
-26
6 - (4 - (-1 - 1))
0
What is -84 - -84 - (2 + -10)?
8
What is 1 + -8 - (0 - 3 - -2 - 3)?
-3
Evaluate (10 - 0 - -1) + -15 + 12 + 4.
12
Evaluate -3 + (-4 - (-2 + (-1 - 3))).
-1
Evaluate (29 + -10 - (-1 + 3)) + 2 + 5.
24
What is -6 - (-62 + 31) - 24?
1
What is the value of 21 - (3 + 4) - ((-6 - 2) + 4)?
18
What is the value of 11 - (-2 - -4 - (17 - 19))?
7
Calculate (16 + 0 - 4) + (-12 - -6).
6
What is the value of (0 - (-2 - -19)) + 1?
-16
Evaluate -11 + 14 + 26 + -25.
4
Evaluate -1 + -20 + (31 - 0) - (-2 - -22).
-10
Calculate -6 - (3 + 2 + -60 + 49).
0
5 + 4 - ((-1 - -14) + -14)
10
Calculate -7 + (3 - (2 + -6 - (7 - 13))).
-6
What is the value of -2 + (-28 - -40) - (-2 - 3)?
15
What